uppose -4*a + 29 + 11 = -2*h, 4*a - 34 = 5*h. What is the units digit of a?
1
Let g be 6/30 - (-298)/10. Suppose -25*n = -g*n + 35. What is the units digit of n?
7
What is the tens digit of (8/((-80)/146))/((-1)/5)?
7
Let u = 330 + -228. What is the tens digit of u?
0
Suppose l - 9 = 134. What is the hundreds digit of l?
1
Suppose f - 4 = -2. Let d = f + 2. What is the units digit of d?
4
Suppose -56 = -5*r + 14. Let g = r + 2. What is the units digit of g?
6
Let a be (-5)/20 + 58/8. Suppose j - a = -4. What is the units digit of j?
3
Let g be (1 - 2)*(-3)/1. Suppose -g*p + 115 = -4*o + 5*o, 164 = 4*p - 4*o. What is the tens digit of p?
3
Let o(u) = 4*u - 5. What is the tens digit of o(15)?
5
Suppose -3*y - 48 = -0. Let a be y/5 - 5/(-25). Let m = 8 + a. What is the units digit of m?
5
Let r = -4 - -8. Let v(i) = -4*i**2 + 0*i - 5*i + i**3 + 0*i**3 - r - i**2. What is the units digit of v(6)?
2
Let a(x) = 6*x**2 + 4*x + 2. Let d be a(-2). Let c = d - 6. What is the units digit of c?
2
Let o(j) = -j + 5. What is the tens digit of o(-9)?
1
Let g(a) = -a**2 - 2*a - 1. Let b be g(-4). Let x(u) = -u + 5. What is the tens digit of x(b)?
1
Let t = 30 - 18. Let u be (-8)/t*(-15)/2. Suppose -2*x - 1 = -w, 0 = u*x - w - 5. What is the units digit of x?
2
Let w(z) = 6*z**3 + z**2 - z - 1. Let m be w(-1). Let f be (2 + m)/(3/(-4)). Let s(b) = b - 2. What is the units digit of s(f)?
2
Let s = 10 - 11. Let a be (1/s)/2*0. Suppose 7*x - 4*x - 42 = a. What is the tens digit of x?
1
Suppose u + 3*a - 45 = -6, 0 = 4*u - 3*a - 141. What is the tens digit of u?
3
Let a(l) = l**2 - 4*l. Let x be a(6). Suppose -x = 3*n - 3*v, -5*n + 2*v = -0*v + 8. Suppose 4*t + t - 25 = n. What is the units digit of t?
5
Let a = 9 - -5. Suppose -4*k = -l - 62 - a, 0 = k - 5*l - 19. What is the tens digit of k?
1
Suppose -2*h = -h - 122. What is the hundreds digit of h?
1
Let d(b) = -b**3 - 3*b**2 + 5*b + 4. Let c be d(-4). Suppose c = 2*t + 4*h - 46, -h = 3*t - 6*h - 47. What is the tens digit of t?
1
What is the units digit of (6/8)/(1/392)?
4
Let n = -37 + 261. What is the tens digit of n?
2
Let x be (-16)/(-7) + ((-54)/42 - -1). Let t = -1 + 4. Suppose -x*v = -w - 0*v + 17, -5*w = t*v - 98. What is the tens digit of w?
1
Suppose -5*r + 28 = -12. What is the units digit of r?
8
Let s = 9 - 13. What is the units digit of 3/(6/(-16)*s)?
2
Let b(x) = -x**3 + 5*x**2 + 6*x + 3. Let v(j) = 2*j + 2. Let u be v(3). Let t be (-2)/u + (-100)/(-16). What is the units digit of b(t)?
3
Suppose -6 - 2 = -4*w. Suppose -18 = -2*l - 5*j + 4*j, 24 = w*l + 4*j. Suppose 3*y = -l + 17. What is the units digit of y?
3
Suppose -3*g = 2*g + 60. Let j = g + 9. Let c = 5 + j. What is the units digit of c?
2
Let u(i) = 34*i**3 - i + 1. Suppose -4*v + 4*o + 4 = 0, -o = -6*o. What is the units digit of u(v)?
4
Suppose 0*p + 111 = 3*r - 5*p, -5*r + 4*p + 185 = 0. Suppose -2*l - 6*b + 2*b = -2, 4*l - 3*b = r. What is the units digit of l?
7
Let q(k) = -5*k + 1. Let y be 1/((4/(-2))/8). What is the tens digit of q(y)?
2
Let h(w) be the third derivative of w**2 + 1/3*w**3 + 1/24*w**4 + 1/120*w**6 + 0 - 1/20*w**5 + 0*w. What is the units digit of h(3)?
5
Let b(k) = k**3 - k**2 - 3*k - 3. Let m be b(3). Suppose 2*a - 2*f - m = 0, a - 4*f = 5*a - 12. Suppose -a*r + r + 24 = 0. What is the tens digit of r?
1
Suppose 0 = 5*n - 55 - 195. What is the units digit of (460/n)/((-2)/(-10))?
6
Let z = -91 - -195. What is the tens digit of z?
0
Let q be (-4)/10 + (-547)/(-5). Let j = q + -53. What is the units digit of j/12 + 2/6?
5
Suppose -3*g + 2*g - 2*o + 21 = 0, -5*g + o = -105. Suppose -2*b + g = b. What is the units digit of b?
7
Let p be 4 + (-2 - 0/(-3)). Suppose q - 9 - 26 = -p*y, 19 = y - q. What is the tens digit of y?
1
Suppose 5*s + 3*c - 2 = 6*c, 4*s + 5*c = 9. Let l be (30/4 + s)*-2. Let t = -10 - l. What is the units digit of t?
7
Let a = 22 + 5. What is the tens digit of a?
2
Let z be 1/(1/(-4 + -3)). Let i = 0 - z. What is the units digit of i/((-14)/(-40)) - 2?
8
What is the units digit of 7/((-7)/4) + 46?
2
Suppose -3*z - 25 = 23. Let i be (-1)/4 + (-708)/z. Let f = i + -28. What is the units digit of f?
6
Suppose 0 = -3*b + 6 + 18. Suppose 0 = 2*a - 6*a + b. What is the tens digit of (-10)/3*(-1 - a)?
1
Let r = 2 + -12. Let l = 22 + r. What is the tens digit of l?
1
Let k = 184 - 123. What is the tens digit of k?
6
Let c = -42 + 24. Suppose -2*u - 104 = -4*s - 3*u, -5*s - 4*u + 119 = 0. Let h = c + s. What is the units digit of h?
9
Let b(i) = i**3 + i. Let h(s) = 5*s**3 + 3*s**2 + 10*s - 1. Let o(p) = -6*b(p) + h(p). What is the units digit of o(-3)?
1
Let v be (6/(-3))/((-4)/(-2)). Let o be (1/3)/((-1)/(-9)). Let g = o + v. What is the units digit of g?
2
Suppose -m = 7*m - 688. What is the tens digit of m?
8
Let m be ((-4)/(-6))/(2/9). Let p be (-12)/(-42) + 2/(-7). Suppose -m*k + 6*k - 18 = p. What is the units digit of k?
6
Suppose 4*h - 12 + 4 = 0. Suppose h*y + 4*n = 3*y - 24, 72 = 3*y - 4*n. Suppose 0 = 4*d - f - 26, -y = -4*d - 2*f + 4*f. What is the units digit of d?
7
Let j be ((-2)/3)/((-2)/15). Suppose 3*l = -3*w + 35 + 1, -j*w = 2*l - 66. What is the tens digit of w?
1
Let o = 0 + 3. Suppose 0 = 5*i + g - 133, -4*i = o*g - 98 - 15. Suppose -2*k + 0 + i = 0. What is the tens digit of k?
1
Suppose -3*n - 2 = 4. What is the tens digit of (-1)/(2*n/48)?
1
Let v(n) = 5*n + 2. Let g(b) = -11*b - 4. Let x(h) = 6*g(h) + 13*v(h). What is the units digit of x(-8)?
0
Suppose 5 = -5*f + 6*f. Let k(y) = -y**3 + 2*y**2 + y - 1. Let x be k(2). Suppose -f*i + 16 = x. What is the units digit of i?
3
Suppose 3*f - 8*f = 0. Let c = 3 + f. Suppose c*n - 20 = -n. What is the units digit of n?
5
Let i(h) = 4*h - 2. What is the units digit of i(10)?
8
Let m(p) = 6*p**2 - 2*p - 3. Let y be m(3). Suppose i + 4*i - y = 0. Suppose 0*q = q - i. What is the units digit of q?
9
Let x(j) = 2*j - 6. Let q be x(5). Suppose 4*n + 2*o + 0*o = -40, 4*n + 40 = -q*o. Let h = n - -30. What is the tens digit of h?
2
Let t be (-4)/1*(-10)/(-8). Let v(m) = m + 7. Let i be v(t). Suppose -i*k + k + 9 = 0. What is the units digit of k?
9
Suppose -19 + 8 = 3*i - 4*l, -4*i = -5*l + 14. Let h = i - 0. What is the units digit of h/(1/10*-2)?
5
Let v = -14 - -15. Let g(h) = 14*h + 2. What is the units digit of g(v)?
6
Suppose 5*m - y = 85, 5*y + 6 + 3 = -m. What is the tens digit of m?
1
Let f(v) = -v**2 - 12*v + 31. Let n be f(-14). Let t(k) = k**3 + k**2 + 4. Let q be t(0). Suppose -n*z = z, -4*a + 48 = q*z. What is the tens digit of a?
1
Let q be (1 - (-2)/(-4))*4. Let k(n) = -n**3 + 2*n**2 - 2*n + 2. Let a be k(2). Let d = q - a. What is the units digit of d?
4
Let q(p) = p**2 - p + 1. Let o(l) = -l**3 - 7*l**2 + 5*l. Let b(n) = -o(n) - 3*q(n). What is the units digit of b(-3)?
2
Suppose 2 = -n - 2. What is the tens digit of (-129)/(-12) + (-1)/n?
1
Let g = 115 - 12. What is the hundreds digit of g?
1
Let t(h) be the third derivative of -h**4/24 - h**3/3 - 3*h**2. Let i be t(4). Let f(z) = -z**3 - 6*z**2 - 2*z + 7. What is the units digit of f(i)?
9
Let w = 20 + 54. What is the units digit of w?
4
Let w(n) = n**3 + 6*n**2 - 12*n - 24. What is the tens digit of w(-7)?
1
Let v = 117 + -41. What is the units digit of v?
6
Let x(d) = 4*d. Suppose o + 3*r - 21 = 0, 0*r = 3*o + r - 23. Let h be x(o). Suppose 2*f + 3*k - h = -2*k, 5*k + 48 = 4*f. What is the units digit of f?
2
Let n = 63 - 44. What is the tens digit of n?
1
Let w(q) = q**2 - 7*q - 2. Let y be w(8). Suppose -26 = -4*d + y. Let c = d + -5. What is the units digit of c?
3
Let o(d) = -d**2 - 9*d + 1. Let r be o(-9). Suppose i = -r + 2. What is the units digit of i?
1
Let j = 1 - 4. Let w = j - -8. Suppose 3*k + w - 17 = 0. What is the units digit of k?
4
Suppose 0 = t - 2, -2*l = -6*l - 3*t + 818. What is the hundreds digit of l?
2
Let s(c) = 13*c + 49. What is the hundreds digit of s(15)?
2
Suppose 0 = -2*t - 19 + 7. Let y = t - -12. What is the units digit of 2 - 3*2/y?
1
Suppose 14 = -2*v + 4*f, 4*v + 4 = 4*f - 4. Suppose -3*i = 2*i + 5*c - 15, -v*i - 4*c = -8. Suppose -m = 2*m + i*y - 34, -4 = -4*y. What is the tens digit of m?
1
Suppose -3*z + 4 = -4*g, -4*z = -5*z + 4. Suppose -4*j - j - y = -16, -2*y = -g. Suppose -3*n = 3*q - q - 39, -j*n + 3*q + 39 = 0. What is t